git of t?
7
Suppose -2*f + f = -41. Let l be (-2 + 3/(-12))/((-5)/(-40)). Let z = l + f. What is the tens digit of z?
2
Suppose -81*t + 83*t + 3*a - 3325 = 0, -5*a = t - 1659. What is the thousands digit of t?
1
What is the hundreds digit of 542682/365 - (-1)/5?
4
Let l(h) = h**3 - 7*h**2 - 9*h + 3. Let c be l(8). What is the tens digit of 2/c + (-264)/(-10) + 3?
2
Let h(p) be the first derivative of -p**3/3 - 17*p**2/2 - 10*p - 18. What is the units digit of h(-8)?
2
Let r(w) = -w - 9. Suppose 0 = -k + 4*g - g, -4*k - g = -39. Let t be r(k). Let m = 71 + t. What is the units digit of m?
3
Let a(s) = -7*s**2 - 10*s - 26*s**3 + 1 - s**2 + 25*s**3. Let v(y) = y**2 - 6*y + 2. Let k be v(3). What is the units digit of a(k)?
2
Let m(u) = -4*u + 2. Let j be m(2). Let c(w) = w**3 + 6*w**2 + 6. Let a be c(j). Suppose a*o = o + 140. What is the tens digit of o?
2
Suppose -15 = -2*l - u - 41, 4*l - 3*u + 52 = 0. Let v be (3 + l/5)*75. Suppose -v = -2*g - 3*g. What is the units digit of g?
6
Let y(w) = 10*w**3 - 3*w**2 - 9*w + 27. What is the units digit of y(3)?
3
Let b(u) be the second derivative of -7*u**3/3 - 13*u**2 - 7*u. What is the units digit of b(-9)?
0
Let m(x) = 63*x**3 + 1. Let t be m(-1). Let i = -44 - t. Suppose -5*b - 2*s = -197, -b + 23 = 2*s - i. What is the units digit of b?
9
Suppose -2*g = g + 39. Let d = -7 - g. Suppose y + d = 23. What is the units digit of y?
7
Suppose 3*p - 1697 = -233. What is the hundreds digit of p?
4
What is the tens digit of ((-4)/16)/(5 - (-20842)/(-4168))?
2
Suppose 4*x - 5*x = 2*r + 4, 5*x = -3*r - 6. Suppose -2*w + 3*m - 3 = -x*w, -12 = 3*w + 3*m. What is the units digit of w*1/3 - -5?
4
Let b(s) = s**2 - 4. Let i be b(3). Suppose 0 = -i*o + 2*u, o + 28 = 5*o + 4*u. Suppose -o*m + 72 = -5*k + k, 2*m = 5*k + 73. What is the units digit of m?
4
What is the tens digit of ((-13)/13)/(1/(-12063)*3)?
2
Let f(n) = 2*n**3 - n + 3630. What is the units digit of f(0)?
0
Let m(r) = -16*r + 18. Let p be m(3). What is the units digit of (p/(-50))/(2/290)?
7
Let u(i) = 10*i**2 + 21*i + 2. What is the units digit of u(-6)?
6
Let z(u) = -u**3 - 3*u - 2. Let y be z(-2). Suppose i + v = y + 25, -v - 77 = -2*i. What is the units digit of i?
8
Let h = 122 - -1232. What is the thousands digit of h?
1
Let c = -265 - -627. What is the units digit of c?
2
Let w be (-2)/6 - (-42)/(-9). Let l = -3 + w. What is the units digit of (14/4)/((-2)/l)?
4
Let s be (2*(-1)/(-6))/((-10)/(-210)). Let p(x) = x**3 - 7*x**2 - 6 + 0*x + x + 2*x. What is the units digit of p(s)?
5
Let q be -5 + (4 - 2) + 16. Let w = q - 16. Let h(t) = t**2 + 2*t + 3. What is the units digit of h(w)?
6
Suppose 15*i = 10*i. Suppose -3*s + 2*o + 41 - 13 = i, -s - 3*o = -24. What is the units digit of s?
2
Let p = -3327 + 4742. Suppose -p = -7*n - 99. What is the units digit of n?
8
Suppose 3*j + 2*r - 10 = 0, 0 = -0*j + 4*j + 5*r - 25. Suppose j = -3*p + 6*p - 6. Suppose -p*f + 6 = -0*f. What is the units digit of f?
3
Suppose -4*o + 10*o + 288 = 0. What is the hundreds digit of o/10*350/(-15)?
1
Suppose 0 = -3*b + 15, 3*b + 117 = 2*r - 0*b. What is the tens digit of r?
6
Suppose w = -5*x - w - 204, -3*w = x + 33. What is the units digit of x/(1 + (-35)/20)?
6
Suppose 3*p - 18 = -6*p. Suppose -o - 2*s - p*s = -96, -5*o = -s - 459. What is the units digit of o?
2
Let w(u) = u**2 - 21*u - 149. What is the hundreds digit of w(-20)?
6
Suppose -4*i + 1329 = -3*m, m = 4*i + 24 - 1363. What is the units digit of i?
6
Suppose 2*k - 98 = -v + 229, 5*v = 4*k + 1663. What is the units digit of v?
1
Let a be ((-192)/40)/((-6)/40). Suppose 2*c + 0*c = 58. Let j = a - c. What is the units digit of j?
3
Let n = -332 - -626. Suppose -204 = -3*d + n. What is the hundreds digit of d?
1
Suppose -3*k = -17 - 10. Let x be -3*4/(-36)*k. Suppose 2*m - 42 = -x*i, 6*m = 2*m - i + 94. What is the tens digit of m?
2
Let t be (-3)/(-5) + -1 - (-892)/(-20). Let c = 71 + t. What is the units digit of c?
6
Let x = 2816 - -1200. What is the units digit of x?
6
Let u(t) = t - 8. Let q be u(3). Let f(i) = 3*i**2 + 4*i - 12. What is the tens digit of f(q)?
4
Suppose 5*j + 18 = 2*p + 4, p - 7 = 2*j. Let u = p + -6. What is the units digit of (0 + 16 - u) + 3?
8
Let z = -3 + 14. Let y = -7 + z. What is the units digit of y?
4
Let j(f) = f + 3. Let b be (1 + -3)/((-5)/(-10)). Let u be j(b). Let x(a) = 3*a**2 - a - 2. What is the units digit of x(u)?
2
Let h(q) = 38*q + 6. Let p be (-45)/(-6)*16/20. What is the units digit of h(p)?
4
Let w(x) = 14*x**2 - 9*x - 55. What is the tens digit of w(-4)?
0
Suppose 0 = -5*w - u + 4*u + 3690, 738 = w + 5*u. What is the units digit of w?
8
Let p(c) = c**2 - 5*c - 4. Let m be p(6). Let w(z) = -z - 10 + 11 - m*z. What is the units digit of w(-2)?
7
Let g(y) = y**3 + 8*y**2 + 4*y - 17. Let i be g(-7). Suppose i*v - 178 = -30. What is the units digit of v?
7
Suppose 0 = 4*h - 4080 - 1788. What is the hundreds digit of h?
4
Let m(s) = s + 15. Let b be m(-11). Suppose 177 = -k + b*k. What is the units digit of k?
9
Suppose -6 = f - 7. What is the tens digit of -36*(-3 + f)/2?
3
Suppose 3*o - 32*k = -29*k + 3567, 2*o - 2371 = -5*k. What is the units digit of o?
8
Suppose 42*j - 44*j + 3408 = 0. What is the thousands digit of j?
1
Suppose -3*f - 634 - 1193 = -2*r, 5*r + 5*f - 4605 = 0. What is the hundreds digit of r?
9
Suppose 6 = 3*u + 2*q - 3*q, 0 = 4*u - 3*q - 3. Suppose 0 = -u*i + 2*o + 156, 5*o + 17 - 102 = -2*i. What is the units digit of i?
0
Suppose 5*j - 267 = -3*l, 2*j + 3*j + 2*l - 268 = 0. Let q = -95 + j. Let t = 60 + q. What is the units digit of t?
9
Suppose 11*o = 7*o + 20. Let v(g) = 2*g - 3*g - 11 - o + g**2. What is the units digit of v(7)?
6
Let r(k) = k**3 + 4*k**2 - 3*k - 9. Let v(x) = -2*x + 46. Let c be v(21). What is the hundreds digit of r(c)?
1
Let j(o) = -o**2 - 14*o - 3. Let v be j(-12). Let w = 8 + v. What is the units digit of w?
9
Let b(v) = v + 16. Let j be b(-13). Suppose -121 + 31 = -j*z. What is the tens digit of z?
3
Suppose 0 = p - 2*p + 5. Let v be (32/6)/((-2)/(-3)). Suppose -p*b - 99 = -v*b. What is the tens digit of b?
3
Let t(x) = 5*x**3 - 30*x**2 + 4*x - 5. Let u(p) = -p**3 + 6*p**2 - p + 1. Let h(l) = -2*t(l) - 11*u(l). What is the units digit of h(7)?
9
Let j be (-8)/(-28) - (-519)/21. Suppose 2*l + j = 7*l. Suppose 0*v + 95 = l*s - 3*v, -3*s - 2*v = -38. What is the units digit of s?
6
Let h(y) = -26*y - 9. What is the tens digit of h(-2)?
4
Let v = -41 + -19. Let y = 165 + v. What is the hundreds digit of y?
1
Suppose -k + 67 = 4*y, 2*y + 4*k - 25 = 19. Suppose 2*v + 7 = -3*u, 4*u + y = v - 2*v. Suppose p + 5*a = -3 + v, 14 = 3*p + 4*a. What is the units digit of p?
6
Suppose -5*t = j - 0*j + 40, -4*t = -3*j + 13. What is the tens digit of (-2)/t + 284/(-28)*-12?
2
Suppose 0 = 2*m + 2*r + 376 + 674, -5*r = -m - 549. Let p = -349 - m. What is the tens digit of p?
8
Let p = 1797 - 1228. What is the units digit of p?
9
Suppose 2*l = -4*q - 0*l - 6, -16 = -q + 3*l. What is the units digit of q + 962/8 + 31/(-124)?
1
Let r = 50 + -50. What is the units digit of 8 - (1 - 3 - r)?
0
Suppose l - 2538 = -5*l. Let r = l + -275. What is the tens digit of r?
4
Let c = 367 + -140. What is the units digit of c?
7
Suppose -5*z + z = -3*d + 1209, d = 3*z + 408. What is the tens digit of d/2 - 2*2/(-8)?
0
Let i(k) = k + 9. Let f be i(-9). Let b = f + 4. Suppose b*p = 3*s + 26 + 5, 12 = 4*s. What is the tens digit of p?
1
Suppose 5*a - 4*z + 775 - 2144 = 0, 3*z + 3 = 0. Let g = a - 150. What is the units digit of g?
3
Let y = -22 + 23. Suppose -g - 30 = y. Let l = g - -35. What is the units digit of l?
4
What is the units digit of (-128)/(-6)*(636/16 + 3)?
2
Let m(w) = 3*w**2 + w + 5. Let z(x) = -x**2 - x - 2. Let n(k) = 4*m(k) + 10*z(k). What is the tens digit of n(9)?
0
Let g = -16 - -20. Let p be (8/1)/g*58. Suppose 0 = 2*o + 2*o - p. What is the tens digit of o?
2
Let i = 6 - 2. Suppose -3*c = -2*f - 122, c - i*f = -2*c + 118. Suppose -5*d + 103 = -c. What is the tens digit of d?
2
Suppose 6*q = 7*q. Suppose -3*d + 138 = 3*x, q = 4*d + 2*x - 193 + 3. What is the tens digit of d?
4
Let r = 1682 - -227. What is the thousands digit of r?
1
Let u be (-410)/(7 + -2)*3/(-2). Let p = u + 29. What is the tens digit of p?
5
Suppose -5*l = 6*z